lse
Is 75902929 a prime number?
False
Is 13135033 composite?
True
Is 223527209 a composite number?
True
Is 306361 prime?
False
Is 1118737 prime?
True
Is 15093769 prime?
False
Is 51283 prime?
True
Is 363543787 composite?
True
Is 14446891 a prime number?
False
Is 186302 prime?
False
Is 5747939 a composite number?
True
Is 343578693 a prime number?
False
Is 14368223 composite?
False
Is 1628467 composite?
False
Is 1986923 prime?
True
Is 6177599 composite?
False
Is 2181163 a composite number?
True
Is 92349211 composite?
True
Is 5245157 a prime number?
False
Is 7818949 a composite number?
False
Is 546255233 a prime number?
True
Is 30849499 prime?
True
Is 98649973 composite?
False
Is 53686907 prime?
True
Is 927842573 a prime number?
False
Is 4264783 a composite number?
True
Is 1994191 composite?
False
Is 790442629 composite?
False
Is 396554069 prime?
True
Is 562199 composite?
True
Is 58046941 prime?
True
Is 678149 a prime number?
False
Is 6515273 prime?
False
Is 144535433 prime?
False
Is 39250327 composite?
True
Is 29895653 a prime number?
False
Is 104207767 composite?
False
Is 10219109 a composite number?
True
Is 6092269 a composite number?
False
Is 4605869 composite?
False
Is 1162321 composite?
False
Is 51863029 a prime number?
True
Is 537497 a prime number?
True
Is 10122699 a prime number?
False
Is 26956471 a composite number?
False
Is 41457301 composite?
False
Is 1725259 a prime number?
True
Is 2566807 prime?
True
Is 9513563 a prime number?
True
Is 5185849 a composite number?
False
Is 8346157 prime?
True
Is 85147901 a composite number?
True
Is 3115327 a composite number?
True
Is 26716969 a composite number?
False
Is 224367303 prime?
False
Is 18953299 a composite number?
True
Is 16778171 prime?
False
Is 2113703 prime?
True
Is 1560847 composite?
False
Is 27502537 composite?
False
Is 12854167 a composite number?
False
Is 48588961 composite?
False
Is 95681153 a composite number?
False
Is 21408769 a composite number?
True
Is 546317 a prime number?
True
Is 39905977 a prime number?
True
Is 54516353 prime?
True
Is 10698811 a composite number?
False
Is 4608767 a composite number?
True
Is 74968643 composite?
False
Is 15937199 a prime number?
False
Is 12328427 a prime number?
True
Is 636743 a composite number?
True
Is 47002519 a composite number?
False
Is 1452687 composite?
True
Is 139984469 prime?
True
Is 3646661 a composite number?
False
Is 625913 a composite number?
False
Is 120592141 prime?
True
Is 1803493 composite?
False
Is 3686393155 a composite number?
True
Is 171036911 a prime number?
True
Is 4247863 composite?
False
Is 2971942049 a composite number?
False
Is 1537657 composite?
True
Is 515803 prime?
True
Is 1264143 a composite number?
True
Is 8606041 a composite number?
False
Is 4674743 composite?
True
Is 32166497 composite?
True
Is 1168897 a prime number?
True
Is 17683973 composite?
True
Is 46867039 composite?
False
Is 55660841 a composite number?
True
Is 1261157 prime?
True
Is 3253799 composite?
False
Is 664112951 composite?
False
Is 26462617 prime?
True
Is 121174751 a composite number?
True
Is 57406477 prime?
True
Is 1819999 prime?
True
Is 112657009 composite?
True
Is 963257 composite?
True
Is 90044849 a composite number?
True
Is 178132697 prime?
True
Is 477533591 a composite number?
True
Is 8257607 composite?
False
Is 39366763 prime?
True
Is 729037 composite?
False
Is 199441 composite?
True
Is 56012303 a prime number?
True
Is 8140477 composite?
True
Is 959009 a prime number?
True
Is 884921 a prime number?
True
Is 1128889 a composite number?
False
Is 7633117 prime?
False
Is 33803143 a prime number?
False
Is 191866663 a composite number?
False
Is 11314399 prime?
True
Is 5369257 prime?
False
Is 1269731 a prime number?
True
Is 2511233 prime?
False
Is 18987853 composite?
False
Is 44870327 prime?
False
Is 29923469 a composite number?
False
Is 1269997 a prime number?
False
Is 6523939 a composite number?
False
Is 719823149 composite?
False
Is 4246706 a prime number?
False
Is 2047261 composite?
True
Is 1785049 a composite number?
True
Is 223007 composite?
False
Is 34579901 a composite number?
True
Is 266391311 composite?
False
Is 2451851 prime?
False
Is 667246 a composite number?
True
Is 3497671 a prime number?
True
Is 153019 composite?
True
Is 66185699 a composite number?
False
Is 1100309891 composite?
False
Is 187240121 prime?
True
Is 23030191 prime?
False
Is 23773133 composite?
False
Is 669103 a prime number?
False
Is 3450947 a composite number?
False
Is 58212587 a composite number?
False
Is 24176811 a composite number?
True
Is 3334262 a prime number?
False
Is 19338461 prime?
True
Is 702941219 composite?
False
Is 18465973 prime?
True
Is 50064557 prime?
True
Is 4384717 a prime number?
False
Is 14381359 a prime number?
True
Is 1914287 prime?
False
Is 141309393 composite?
True
Is 8627939 a prime number?
True
Is 699967 a composite number?
False
Is 12517289 a prime number?
True
Is 13766359 prime?
False
Is 30551701 a prime number?
False
Is 1131799 a composite number?
False
Is 87523903 a composite number?
False
Is 3959135 a composite number?
True
Is 18357337 composite?
False
Is 91205561 composite?
True
Is 31594931 a prime number?
True
Is 19078023 prime?
False
Is 29232439 composite?
True
Is 796920937 prime?
False
Is 20282057 a prime number?
True
Is 8272237 a prime number?
False
Is 114325607 a prime number?
False
Is 15992711 prime?
False
Is 354193009 a composite number?
False
Is 9030089 composite?
False
Is 563759 composite?
True
Is 167531887 a composite number?
True
Is 13719197 a prime number?
False
Is 65029409 composite?
True
Is 13107779 a composite number?
True
Is 150861047 a composite number?
False
Is 2850109 composite?
True
Is 55646939 composite?
False
Is 326806147 a prime number?
False
Is 497647903 a composite number?
False
Is 19664321 prime?
False
Is 15473317 a composite number?
False
Is 1886867 a composite number?
False
Is 147365113 prime?
False
Is 405972949 composite?
False
Is 1290247 a prime number?
False
Is 283331 prime?
False
Is 18056599 prime?
False
Is 3463897 prime?
False
Is 583524037 a prime number?
True
Is 52740971 composite?
False
Is 620965357 a prime number?
False
Is 43889 a prime number?
True
Is 34813847 composite?
False
Is 4553734 prime?
False
Is 375036169 a composite number?
False
Is 35419359 a prime number?
False
Is 813534559 a composite number?
True
Is 10606627 prime?
False
Is 199302541 prime?
False
Is 1645284958 a prime number?
False
Is 4585573 a prime number?
True
Is 16132247 a prime number?
True
Is 537317 a prime number?
False
Is 1669303 prime?
False
Is 2756114 composite?
True
Is 253889 prime?
False
Is 1695635 composite?
True
Is 15450521 a composite number?
False
Is 81720879 composite?
True
Is 1399611 prime?
False
Is 18348103 a prime number?
True
Is 14150113 a prime number?
True
Is 28757041 prime?
False
Is 16577269 prime?
True
Is 170741 a prime number?
True
Is 8397979 a prime number?
False
Is 10385371 a composite number?
False
Is 86048069 prime?
True
Is 138583727 composite?
True
Is 1056593 prime?
False
Is 10408973 composite?
True
Is 4708549 prime?
False
Is 4186151 a prime number?
True
Is 839583829 composite?
True
Is 2040361 a composite number?
False
Is 83878919 a prime number?
True
Is 123129221 a composite number?
False
Is 309083 prime?
True
Is 43779979 prime?
True
Is 58077247 prime?
False
Is 35818339 a composite number?
False
Is 36029659 composite?
False
Is 1308847 a composite number?
True
Is 19059751 a prime number?
True
Is 7964461 a prime number?
False
Is 8793881 composite?
False
Is 100808857 prime?
False
Is 26641211 a composite number?
True
Is 4153789 composite?
True
Is 1359467 a prime number?
True
Is 1111331 a composite number?
True
Is 14195093 prime?
False
Is 5125597 composite?
False
Is 9427801 a prime number?
True
Is 14779049 prime?
True
Is 2574131 prime?
False
Is 9697439 prime?
True
Is 299030401 a composite number?
False
Is 210574313 a composite number?
False
Is 137896901 a composite number?
True
Is 12348517 composite?
False
Is 1050212377 prime?
False
Is 168283513 a composite number?
True
Is 351437 a prime number?
True
Is 2337747 composite?
True
Is 3363785 a composite number?
True
Is 32387461 prime?
False
Is 46218407 composite?
False
Is 149791 composite?
False
Is 358897867 composite?
True
Is 33968981 composite?
False
Is 22